 base 8, what is 3 + -137447?
-137444
In base 9, what is 111 + 8481?
8602
In base 14, what is -12a8 - c?
-12b6
In base 6, what is 1 - -33332?
33333
In base 14, what is -d + 9ba0?
9b91
In base 9, what is -1024 + -6167?
-7202
In base 13, what is -8 - -9c4?
9b9
In base 14, what is 6a - 1023?
-d97
In base 8, what is 342005 + -20?
341765
In base 13, what is 3a720 + 1?
3a721
In base 5, what is 31423322 + 21?
31423343
In base 13, what is 1 + -1187?
-1186
In base 16, what is 7b4 + 9?
7bd
In base 13, what is -87 - -173?
b9
In base 15, what is -1b3a + 53?
-1ad7
In base 2, what is 1011001000000100000 - -101?
1011001000000100101
In base 10, what is 2348 - -91?
2439
In base 13, what is 3 + 1c434?
1c437
In base 14, what is 5 - -34693d?
346944
In base 5, what is -10 - -14244412?
14244402
In base 5, what is -341 + 3203?
2312
In base 2, what is -1100 - 1011100100100?
-1011100110000
In base 7, what is -1 + -304655?
-304656
In base 13, what is -178013 + -7?
-17801a
In base 10, what is -4936 - 2?
-4938
In base 16, what is 3a0d2 + -9?
3a0c9
In base 14, what is -124d + -11?
-1260
In base 7, what is -344233 - -5?
-344225
In base 10, what is -339745 + 4?
-339741
In base 14, what is -b + -58a1?
-58ac
In base 6, what is -1 + -21302430?
-21302431
In base 9, what is 7504 - -46?
7551
In base 9, what is -3 + 2125801?
2125787
In base 14, what is 0 - -3bdb?
3bdb
In base 8, what is -3 - -404005?
404002
In base 13, what is ac81 - 3?
ac7b
In base 13, what is 15 + -7033?
-701b
In base 6, what is 12 - -11201?
11213
In base 11, what is 1 - -48227a?
482280
In base 7, what is 4 - -1552351?
1552355
In base 5, what is -143 - -1123?
430
In base 3, what is 10002 - 2202100?
-2122021
In base 13, what is -1 - 2899?
-289a
In base 10, what is 541176 + -2?
541174
In base 2, what is 10 + 11010010111?
11010011001
In base 9, what is 42 - -784?
836
In base 4, what is 102110 - 232?
101212
In base 4, what is -110 - 100012?
-100122
In base 9, what is -20782 + 4?
-20777
In base 7, what is -433 - 621?
-1354
In base 12, what is 0 - 13767?
-13767
In base 14, what is bd8 - 5?
bd3
In base 2, what is 10110101001010101 + 11?
10110101001011000
In base 9, what is 6318 + 38?
6357
In base 16, what is -6d4 + 4d?
-687
In base 6, what is -3234040 - 3?
-3234043
In base 14, what is b2a + -99?
a71
In base 11, what is -300714 + 0?
-300714
In base 11, what is -53 - -718?
675
In base 12, what is -46 + 76a?
724
In base 3, what is 121210 - -22202?
221112
In base 15, what is -561e + -1e?
-563d
In base 8, what is 4 + 25117?
25123
In base 5, what is 4 + -104140140?
-104140131
In base 16, what is 2b1 - 2?
2af
In base 6, what is -12 + -1304521?
-1304533
In base 15, what is -31 - -1be2?
1bb1
In base 9, what is 1772 + -256?
1515
In base 9, what is 332 - -188?
531
In base 6, what is 2012 + 112530?
114542
In base 10, what is 1767 + -236?
1531
In base 3, what is 22220 + -1020222?
-221002
In base 6, what is -5 - -41015?
41010
In base 13, what is -57 + -5952?
-59a9
In base 5, what is -2014212 + 110?
-2014102
In base 7, what is 1426234 - 0?
1426234
In base 4, what is 223 + -21030?
-20201
In base 11, what is -13 + 91989?
91976
In base 16, what is -4 - -cb3?
caf
In base 6, what is 50 + -4000?
-3510
In base 10, what is 148 + -16400?
-16252
In base 8, what is -4117 + 171?
-3726
In base 14, what is -26084 - -13?
-26071
In base 15, what is 15509 + 0?
15509
In base 13, what is 13543 - -a?
13550
In base 7, what is -15243 + -20?
-15263
In base 5, what is 133343034 + 3?
133343042
In base 5, what is 204343320 + 4?
204343324
In base 9, what is -5 - -46234?
46228
In base 8, what is 13337642 + 1?
13337643
In base 12, what is -68 - 29?
-95
In base 8, what is 2 - 7343?
-7341
In base 2, what is -1 - -10000000111100?
10000000111011
In base 5, what is -10 - 111443021?
-111443031
In base 11, what is 25a76 + -23?
25a53
In base 9, what is -287 + 103?
-184
In base 3, what is 12020100112222 - 10?
12020100112212
In base 13, what is -3 + 2acb?
2ac8
In base 10, what is -25 - -1608?
1583
In base 2, what is -10000101001 + -1011?
-10000110100
In base 11, what is -16416 - -16?
-16400
In base 14, what is -1 + 8954?
8953
In base 12, what is 4570a + -1?
45709
In base 14, what is -1b3d - 0?
-1b3d
In base 7, what is 31426 + -2?
31424
In base 5, what is 14 + -1004140?
-1004121
In base 8, what is 317156 - -2?
317160
In base 9, what is 5 - -1442386?
1442402
In base 2, what is -10 + 1110100001101?
1110100001011
In base 7, what is 1465652 + 0?
1465652
In base 2, what is -111010111011101101 - -1?
-111010111011101100
In base 8, what is 27751 - 45?
27704
In base 14, what is 103a6d1 - 1?
103a6d0
In base 12, what is -13 - 1a341?
-1a354
In base 12, what is 18a3 - 0?
18a3
In base 15, what is -5 + -4054?
-4059
In base 2, what is 1010 - 1001000011001010?
-1001000011000000
In base 12, what is -1 + -65b6?
-65b7
In base 16, what is -8 + -128c?
-1294
In base 13, what is 333293 - -4?
333297
In base 15, what is c4dc - -5?
c4e2
In base 15, what is 5bcc3 + 1?
5bcc4
In base 7, what is 36303 - -1?
36304
In base 3, what is -1202 + 1220222002?
1220220100
In base 11, what is 3837 + 749?
4485
In base 16, what is -100a - 29?
-1033
In base 16, what is -1eb5f + -5?
-1eb64
In base 16, what is -9e76 - -1?
-9e75
In base 15, what is -4 - -b487?
b483
In base 14, what is 6 + -21391?
-21389
In base 15, what is -5 + -997?
-99c
In base 6, what is 5 - -224403?
224412
In base 10, what is -1 + -430705?
-430706
In base 7, what is -225 - -510?
252
In base 10, what is 56675 - -18?
56693
In base 15, what is 56b - e6?
475
In base 2, what is -11110000110 - 10101?
-11110011011
In base 2, what is 101000 - 1011111101111001?
-1011111101010001
In base 6, what is -20420354 - -10?
-20420344
In base 14, what is b1 + 3?
b4
In base 13, what is -a9 + -9819?
-98c5
In base 12, what is -3a - -6619?
659b
In base 14, what is -74a + 152?
-5d8
In base 3, what is 1011012 + 21?
1011110
In base 12, what is -447 + -161?
-5a8
In base 11, what is -1a2770 + 0?
-1a2770
In base 6, what is 1000 + 44531?
45531
In base 11, what is -10a87 - -15?
-10a72
In base 4, what is 222 + -102103?
-101221
In base 10, what is -77 - -8331?
8254
In base 11, what is -3 - -394989?
394986
In base 8, what is -2 + 2476072?
2476070
In base 12, what is -103 + -168?
-26b
In base 2, what is 11011111110 + -100000001?
10111111101
In base 8, what is -17325 - 1?
-17326
In base 2, what is -101110011010111 + 1?
-101110011010110
In base 11, what is -1776 - -558?
-1219
In base 7, what is 21256 + -315?
20641
In base 10, what is -1 - 2934?
-2935
In base 15, what is 683da + -4?
683d6
In base 2, what is 101101 - 11010010000?
-11001100011
In base 14, what is 7a8 + -30?
778
In base 5, what is 4 + 2044104?
2044113
In base 5, what is -11 - -234103?
234042
In base 14, what is -64d + 97?
-596
In base 7, what is -11543 + 1104?
-10436
In base 5, what is -23342142 - 14?
-23342211
In base 12, what is -3 + 14020?
14019
In base 5, what is -43121 + 11?
-43110
In base 11, what is 397 + 160?
547
In base 13, what is -534 + -24?
-558
In base 13, what is 5 + 4885?
488a
In base 16, what is 5 + 33e2c?
33e31
In base 14, what is 6131 + -5?
612a
In base 2, what is 0 - -101100011101?
101100011101
In base 8, what is -3171 - 21?
-3212
In base 12, what is -2418 - -1?
-2417
In base 3, what is -1202000 - 21?
-1202021
In base 3, what is 21021102011 + 0?
21021102011
In base 2, what is -11 - 11000111000110001111?
-11000111000110010010
In base 8, what is -47 + -21074?
-21143
In base 3, what is -20011100011 - -1001?
-20011022010
In base 14, what is -84bd8 + 3?
-84bd5
In base 4, what is -21132 + 121322?
100130
In base 14, what is -129cbd + -2?
-129cc1
In base 3, what is 211200 - -2102012?
10020212
In base 15, what is aaa6 + 2?
aaa8
In base 4, what is 300210200 + -2?
300210132
In base 6, what is -21535 - 1?
-21540
In base 8, what is -6 - 117126?
-117134
In base 13, what is -1c + -2983?
-29a2
In base 6, what is 2505 + -50?
2415
In base 3, what is -21020001120222 - 12?
-21020001121011
In base 9, what is 611815 + 5?
611821
In base 13, what is -9 - 63?
-6c
In base 5, what is -1 + -3320021?
-3320022
In base 3, what is 100000 - -11110221?
11210221
In base 6, what is -343 - 10413?
-11200
In base 8, what is 246120 + 1?
246121
In base 16, what is 150 + -58?
f8
In base 3, what is -1002021 + 1102002?
22211
In base 5, what is